ase 4?
-113100
-9b30 (base 14) to base 8
-64416
-213404 (base 6) to base 14
-6604
-100101010 (base 2) to base 11
-251
What is b65 (base 13) in base 7?
5443
What is 3430 (base 7) in base 16?
4de
Convert -11001000010 (base 2) to base 15.
-71c
Convert -1412 (base 9) to base 14.
-560
-ee6 (base 16) to base 9
-5207
-91a9 (base 16) to base 15
-b0ae
-120412 (base 6) to base 11
-79a4
What is -18940 (base 15) in base 8?
-233536
7a8 (base 11) to base 9
1282
What is -334 (base 5) in base 14?
-6a
-1389 (base 12) to base 8
-4331
e8 (base 16) to base 14
128
What is 13301103 (base 4) in base 7?
161535
Convert -4c35 (base 13) to base 2.
-10101001101100
What is -343434 (base 5) in base 9?
-17863
Convert 11112 (base 3) to base 16.
7a
Convert -852 (base 15) to base 8.
-3525
What is -222413 (base 5) in base 11?
-59a4
Convert 2576 (base 13) to base 2.
1010011011000
-92a (base 11) to base 9
-1475
365 (base 12) to base 6
2205
Convert -829 (base 10) to base 4.
-30331
What is -828 (base 15) in base 2?
-11100101110
What is -202200 (base 3) in base 10?
-558
Convert -3c5 (base 13) to base 8.
-1234
Convert -30a (base 16) to base 12.
-54a
-1913 (base 11) to base 8
-4602
What is -1761 (base 10) in base 3?
-2102020
What is -21222210 (base 4) in base 14?
-105da
What is -24551 (base 11) in base 7?
-204551
Convert -a5a7 (base 11) to base 13.
-6505
Convert a747 (base 12) to base 3.
221011101
What is 23113 (base 6) in base 13?
1659
Convert -21030 (base 6) to base 7.
-11145
Convert -2656 (base 7) to base 4.
-33331
What is -801 (base 15) in base 16?
-709
Convert -557 (base 10) to base 6.
-2325
What is -1c2 (base 15) in base 13?
-254
What is -1350 (base 12) in base 9?
-3036
-7117 (base 14) to base 16
-4be1
Convert 252531 (base 7) to base 2.
1011010111101100
What is d8 (base 16) in base 7?
426
Convert 101010201 (base 3) to base 5.
214030
What is -476 (base 12) in base 6?
-3030
-1535 (base 12) to base 3
-10102012
-300311 (base 4) to base 7
-12053
What is -4c3 (base 15) in base 14?
-575
Convert -7325 (base 11) to base 10.
-9707
Convert -c8 (base 13) to base 16.
-a4
-21221 (base 3) to base 6
-554
What is -2441 (base 5) in base 10?
-371
Convert -5599 (base 10) to base 16.
-15df
What is 111000010010100 (base 2) in base 10?
28820
Convert -55234 (base 6) to base 15.
-2404
3391 (base 10) to base 2
110100111111
What is 130231 (base 4) in base 13?
ab4
136042 (base 7) to base 3
1022210121
Convert -502 (base 9) to base 10.
-407
Convert -1934 (base 10) to base 15.
-88e
-1011110110110 (base 2) to base 15
-1bea
What is 1d87 (base 15) in base 2?
1100100011011
-33113 (base 5) to base 12
-13a3
Convert -1001121 (base 3) to base 8.
-1404
Convert 13468 (base 14) to base 9.
72164
What is 1013 (base 5) in base 16?
85
-4340 (base 10) to base 16
-10f4
-7787 (base 11) to base 6
-115255
What is 360 (base 12) in base 9?
620
18d8 (base 16) to base 6
45240
Convert 3005 (base 14) to base 13.
3998
What is -8 (base 9) in base 13?
-8
Convert -26052 (base 8) to base 9.
-16452
Convert 152166 (base 8) to base 16.
d476
Convert 19754 (base 13) to base 4.
30012302
Convert 93a8 (base 11) to base 12.
7264
Convert -1112102 (base 3) to base 10.
-1118
1385 (base 15) to base 14
1743
Convert -144556 (base 7) to base 15.
-84b4
Convert 110020212 (base 3) to base 2.
10001011100101
22303 (base 5) to base 7
4413
Convert -455113 (base 6) to base 13.
-14808
Convert -1433 (base 10) to base 16.
-599
What is d56f (base 16) in base 14?
15cab
-22321 (base 4) to base 6
-3121
What is -228a7 (base 12) in base 14?
-12ba7
-392 (base 14) to base 6
-3152
Convert 1001011 (base 4) to base 14.
1737
What is 466 (base 13) in base 2?
1011111000
What is 615d (base 16) in base 2?
110000101011101
What is 37374 (base 12) in base 7?
431101
-19e (base 16) to base 10
-414
Convert 110110101 (base 2) to base 7.
1163
Convert 3398 (base 11) to base 9.
6108
-12020010 (base 3) to base 5
-110220
What is 691b (base 13) in base 2?
11100110000111
What is 177 (base 14) in base 13?
1a2
bd (base 15) to base 12
12a
What is 4aa (base 13) in base 8?
1460
What is -6e (base 15) in base 9?
-125
Convert -15343 (base 8) to base 5.
-210013
Convert 110101011111 (base 2) to base 14.
1367
What is 75a (base 11) in base 10?
912
1011101010000 (base 2) to base 7
23254
What is -21511 (base 6) in base 4?
-232303
Convert -10130 (base 4) to base 16.
-11c
What is 30303 (base 4) in base 10?
819
Convert 11061 (base 7) to base 8.
5343
Convert 301ab (base 12) to base 8.
172023
-110101111001010 (base 2) to base 14
-a0b0
What is 11421 (base 5) in base 6?
3553
What is 851 (base 16) in base 5?
32004
What is 2023 (base 6) in base 8?
677
-30e (base 16) to base 7
-2165
-1286 (base 13) to base 14
-d6d
What is 130361 (base 8) in base 5?
2422142
What is -19 (base 15) in base 12?
-20
What is -954 (base 12) in base 6?
-10144
What is 8589 (base 10) in base 12?
4b79
What is 2698 (base 11) in base 5?
102440
Convert -34213 (base 7) to base 8.
-20753
-11642 (base 8) to base 12
-2aaa
What is -13745 (base 9) in base 3?
-110211112
200202122 (base 3) to base 15
40be
111a6 (base 14) to base 8
121036
What is 205 (base 15) in base 13?
290
Convert -101000101011 (base 2) to base 14.
-d3d
What is 1558 (base 15) in base 9?
6252
-1011101010 (base 2) to base 13
-455
Convert 120122 (base 3) to base 7.
1142
What is 50624 (base 8) in base 10?
20884
What is 163 (base 15) in base 6?
1250
43340 (base 5) to base 15
d30
Convert -abb1 (base 12) to base 16.
-4a35
Convert 9a46 (base 12) to base 4.
10022112
287 (base 13) to base 11
379
922d (base 15) to base 7
155665
285c (base 16) to base 6
115500
What is 321013 (base 4) in base 9?
5011
Convert 22251 (base 9) to base 5.
433123
What is -7b0 (base 12) in base 2?
-10001110100
-132 (base 15) to base 6
-1132
Convert 16463 (base 7) to base 15.
15d5
24144 (base 5) to base 9
2418
Convert e56 (base 15) to base 6.
22543
What is -1696 (base 11) in base 9?
-2862
Convert 16611 (base 7) to base 12.
2909
Convert 10000110001111 (base 2) to base 11.
6500
1001010111010000 (base 2) to base 7
216546
What is -42181 (base 10) in base 13?
-16279
Convert 5cd7 (base 15) to base 14.
72c9
What is -427a (base 11) in base 4?
-1120111
What is 6c6 (base 13) in base 16?
498
-101122 (base 3) to base 16
-11f
6c8 (base 13) to base 4
102122
What is 133231 (base 8) in base 6?
1000225
Convert 6496 (base 10) to base 3.
22220121
What is 782 (base 10) in base 15?
372
-56a (base 15) to base 12
-861
Convert 38f (base 16) to base 2.
1110001111
Convert 120210012 (base 3) to base 2.
10110011110011
18553 (base 12) to base 16
8a0f
-11400 (base 6) to base 10
-1656
What is -6b (base 13) in base 7?
-155
-10111211 (base 3) to base 12
-1594
-c91 (base 15) to base 10
-2836
What is -5c76 (base 15) in base 13?
-8c64
-16385 (base 10) to base 3
-211110212
Convert -394 (base 10) to base 7.
-1102
437 (base 16) to base 3
1110222
Convert 1c3e (base 15) to base 16.
17f6
Convert 1551 (base 11) to base 8.
3710
What is 6204 (base 7) in base 9?
2860
What is -6031 (base 7) in base 3?
-2212001
Convert -19b (base 13) to base 3.
-102000
-11001110011011 (base 2) to base 9
-20108
-100 (base 2) to base 10
-4
What is -52 (base 9) in base 7?
-65
3a90 (base 12) to base 10
6732
Convert 2586 (base 9) to base 7.
5442
Convert 6b9 (base 16) to base 10.
1721
Convert -242320 (base 6) to base 3.
-1002012110
Convert -110101000101 (base 2) to base 16.
-d45
What is -111110 (base 2) in base 16?
-3e
What is -1001010111111 (base 2) in base 14?
-1a6b
What is 346 (base 8) in base 12?
172
Convert -2034 (base 10) to base 11.
-158a
Convert -ac8 (base 13) to base 11.
-1436
What is 635 (base 14) in base 6?
5355
What is 154244 (base 6) in base 3?
202212201
What is 942c (base 13) in base 5?
1123422
What is -fb (base 16) in base 8?
-373
Convert -309 (base 10) to base 4.
-10311
Convert -a64 (base 11) to base 10.
-1280
Convert 34654 (base 7) to base 9.
13187
100010110110 (base 2) to base 3
10001121
Convert 133302 (base 4) to base 15.
909
3032 (base 4) to base 5
1311
Convert -60663 (base 10) to base 6.
-1144503
What is 32203 (base 11) in base 4?
23123232
-51133 (base 6) to base 10
-6753
What is 313 (base 8) in base 4?
3023
Convert -a4b (base 15) to base 11.
-1820
-2302 (base 6) to base 14
-2aa
What is 66a5 (base 11) in base 7?
34510
-4538 (base 10) to base 5
-121123
-ab (base 13) to ba